69 a composite number?
True
Is 181305013897 a prime number?
False
Is 40790064983 a prime number?
True
Is 5866491829 prime?
False
Is 52377346237 prime?
False
Is 643364047 a prime number?
True
Is 797298947 composite?
True
Is 111574231 prime?
True
Is 160099799521 prime?
True
Is 1080869467 a prime number?
False
Is 51919561 a prime number?
False
Is 21236178311 composite?
False
Is 8565297121 a prime number?
True
Is 1406771 prime?
True
Is 7038113299 a composite number?
True
Is 10519557011 composite?
False
Is 20960306671 composite?
True
Is 14354976005 a composite number?
True
Is 6092628163 a prime number?
True
Is 99682697327 composite?
True
Is 55445441 a composite number?
True
Is 87855727 a composite number?
True
Is 56218635219 a prime number?
False
Is 533434897 a prime number?
True
Is 2508330767 prime?
False
Is 25990453589 composite?
False
Is 225353389 composite?
False
Is 757517183 a composite number?
True
Is 154928693053 composite?
True
Is 599988451 prime?
True
Is 362117647 a prime number?
False
Is 4274640647 a composite number?
True
Is 33496543 a prime number?
True
Is 20157967337 prime?
False
Is 28447497151 composite?
True
Is 10327253057 composite?
True
Is 643798541 prime?
False
Is 100312157 composite?
True
Is 13661984759 composite?
False
Is 7900015353 composite?
True
Is 2090585995 composite?
True
Is 82807303 composite?
True
Is 39901751 composite?
False
Is 33029977235 a composite number?
True
Is 2225697521 a prime number?
True
Is 250253327 a prime number?
True
Is 57556222 composite?
True
Is 2080906967 a prime number?
False
Is 66247995469 a prime number?
False
Is 261486551 a composite number?
False
Is 73192681 composite?
False
Is 8595751511 a prime number?
False
Is 1237055731 a prime number?
False
Is 763782581 prime?
True
Is 30690648383 composite?
False
Is 13300433 a prime number?
False
Is 165214949 a composite number?
False
Is 438980257 a prime number?
True
Is 2105744699 composite?
True
Is 33352627859 composite?
True
Is 1384135619 composite?
False
Is 7266849619 composite?
True
Is 80788553 prime?
True
Is 587660857 a prime number?
False
Is 3235774697 prime?
True
Is 1348863463 a composite number?
True
Is 1674542017 prime?
True
Is 4968213058 a prime number?
False
Is 89492119 prime?
True
Is 1174511617 a prime number?
True
Is 1642262099 prime?
True
Is 154533545 composite?
True
Is 975937139 a prime number?
False
Is 33880198657 composite?
True
Is 93227279 composite?
False
Is 560560951 a composite number?
False
Is 94094902127 a composite number?
True
Is 145817625229 composite?
False
Is 1117934827 a composite number?
True
Is 244896307 prime?
True
Is 50049914119 composite?
True
Is 298296451 a composite number?
True
Is 107198827847 a composite number?
True
Is 787090693 a prime number?
True
Is 293927471 a prime number?
True
Is 1155763663 composite?
False
Is 232750121 a composite number?
False
Is 11498622757 a prime number?
False
Is 366898537 prime?
True
Is 7299772331 prime?
False
Is 4859347709 a composite number?
False
Is 1094248159 prime?
False
Is 18770806129 a composite number?
True
Is 3840621307 a composite number?
True
Is 20104132903 prime?
False
Is 36277369567 a composite number?
False
Is 266281469 prime?
True
Is 74702771863 prime?
True
Is 1876785773 prime?
False
Is 1192823529 prime?
False
Is 2193717467 a composite number?
True
Is 39827257 a composite number?
True
Is 1683504661 composite?
True
Is 3012331481 a prime number?
False
Is 22687007173 a prime number?
False
Is 145669001 composite?
True
Is 33317827913 a prime number?
False
Is 807610459 composite?
False
Is 152544629 prime?
False
Is 56620661821 prime?
True
Is 304534933 a composite number?
False
Is 319769887 composite?
True
Is 12109245059 prime?
True
Is 5388135821 prime?
False
Is 504789478 a composite number?
True
Is 32033039 prime?
True
Is 306877423 composite?
True
Is 120904740767 a composite number?
False
Is 35219243857 a composite number?
True
Is 1556548519 a prime number?
True
Is 357337969 a composite number?
True
Is 14482381 composite?
False
Is 185811070169 composite?
False
Is 11905854907 composite?
True
Is 1356211819 a composite number?
True
Is 115449195551 prime?
True
Is 38928606007 a prime number?
True
Is 117868921 prime?
True
Is 1904328071 composite?
False
Is 35416117253 composite?
True
Is 53579811367 a composite number?
False
Is 1644297553 composite?
False
Is 394287181 a composite number?
True
Is 38080858271 a composite number?
False
Is 3985348649 composite?
False
Is 19253679017 composite?
True
Is 21716793863 composite?
False
Is 121966836133 a composite number?
True
Is 4458357703 prime?
True
Is 12825545662 composite?
True
Is 18293085431 prime?
True
Is 660199909 prime?
True
Is 153847241 prime?
False
Is 1342405007 a prime number?
True
Is 2802589513 prime?
False
Is 370249664611 a prime number?
True
Is 21400728211 a composite number?
False
Is 4516441309 prime?
False
Is 98161083223 a composite number?
True
Is 110938567 composite?
False
Is 911734849 a prime number?
False
Is 18460839083 a prime number?
False
Is 3264922229 composite?
True
Is 1278167857 prime?
True
Is 1867676681 composite?
True
Is 384557317 composite?
True
Is 2671659527 a prime number?
False
Is 345690157 composite?
True
Is 33303871 prime?
False
Is 6740476367 composite?
True
Is 2259647759 a composite number?
False
Is 2602899449 a composite number?
False
Is 1736032729 prime?
True
Is 68030779 a prime number?
False
Is 56730313 prime?
True
Is 20587594241 a composite number?
False
Is 14580019313 prime?
True
Is 186101427029 composite?
True
Is 1908941263 a prime number?
False
Is 45961212367 composite?
True
Is 439537493 composite?
False
Is 246860157 composite?
True
Is 311283769 a prime number?
True
Is 501022297 a prime number?
True
Is 18503897107 a composite number?
False
Is 101444968753 prime?
True
Is 8203938221 composite?
False
Is 38615550023 a prime number?
False
Is 1207165213 composite?
True
Is 133917594061 prime?
False
Is 36672507569 a composite number?
True
Is 5301450309 composite?
True
Is 85416625505 a prime number?
False
Is 15974276051 prime?
False
Is 647880120633 a composite number?
True
Is 2451113393 prime?
True
Is 2266813207 a prime number?
False
Is 58497451 prime?
True
Is 29628643951 composite?
False
Is 3392219741 a prime number?
True
Is 6546541343 a prime number?
False
Is 5282865529 a prime number?
False
Is 2212077731 a prime number?
True
Is 1535885107 prime?
True
Is 7267790273 prime?
False
Is 146353951 a prime number?
False
Is 2283119753 composite?
False
Is 79191622817 prime?
True
Is 730439401 composite?
True
Is 93797951029 a prime number?
False
Is 2466028621 composite?
True
Is 519223253 composite?
True
Is 19932090851 prime?
True
Is 2430714731 a composite number?
False
Is 2296028221 a composite number?
False
Is 39133845449 a composite number?
True
Is 2464859599 prime?
False
Is 18171534527 prime?
True
Is 1193959787 a composite number?
False
Is 11220563311 a prime number?
False
Is 77575151 composite?
False
Is 295655719 composite?
True
Is 3621992771 a prime number?
True
Is 21165122163 composite?
True
Is 7178810491 a composite number?
True
Is 42308897737 a composite number?
False
Is 1880116061 composite?
True
Is 219143627 prime?
True
Is 141014792293 prime?
False
Is 1386017707 a prime number?
False
Is 10935560147 prime?
True
Is 4804774199 a prime number?
False
Is 64240475213 a composite number?
False
Is 25016847179 a prime number?
True
Is 2883452241 composite?
True
Is 63117627487 composite?
True
Is 3803498597 a prime number?
False
Is 787326989 a composite number?
True
Is 18410375699 prime?
True
Is 3221063381 a composite number?
False
Is 2884454047 a prime number?
True
Is 176102107 prime?
True
Is 52967462269 a prime number?
True
Is 76048277 a composite number?
False
Is 1219040447 a prime number?
True
Is 8829934535 a prime number?
False
Is 2023772473 composite?
True
Is 18571289369 a composite number?
False
Is 175022989 a prime number?
True
Is 6402942521 a prime number?
True
Is 12695500943 composite?
False
Is 11675219839 a composite number?
True
Is 16129668647 a composite number?
False
Is 5555319409 prime?
False
Is 3498649723 composite?
True
Is 225159707 a prime number?
True
Is 5656277597 composite?
True
Is 155179951 composite?
True
Is 1608850258 composite?
True
Is 93127829227 prime?
True
Is 393171641 a composite number?
False
Is 11